{"id":16,"date":"2024-11-23T13:31:42","date_gmt":"2024-11-23T13:31:42","guid":{"rendered":"https:\/\/www.dalyanygm.com\/?page_id=16"},"modified":"2024-12-11T04:04:49","modified_gmt":"2024-12-11T04:04:49","slug":"ana-sayfa","status":"publish","type":"page","link":"https:\/\/www.dalyanygm.com\/","title":{"rendered":"Ana Sayfa"},"content":{"rendered":"\n<div class=\"wp-block-group alignfull is-layout-flow wp-container-core-group-is-layout-f9cb6abc wp-block-group-is-layout-flow\" style=\"margin-top:0;margin-bottom:0\">\n<div class=\"wp-block-columns alignfull is-not-stacked-on-mobile is-layout-flex wp-container-core-columns-is-layout-e154fb6a wp-block-columns-is-layout-flex\" style=\"margin-top:0;margin-bottom:0;padding-top:var(--wp--preset--spacing--40);padding-right:var(--wp--preset--spacing--40);padding-bottom:var(--wp--preset--spacing--80);padding-left:var(--wp--preset--spacing--40)\">\n<div class=\"wp-block-column is-layout-flow wp-block-column-is-layout-flow\" style=\"flex-basis:66.66%\">\n<div class=\"wp-block-group is-vertical is-content-justification-stretch is-layout-flex wp-container-core-group-is-layout-7e003bba wp-block-group-is-layout-flex\">\n<h2 class=\"wp-block-heading has-xx-large-font-size\">G\u00fcmr\u00fck mevzuat\u0131 Yetkilendirilmi\u015f G\u00fcmr\u00fck M\u00fc\u015favirli\u011fi uygulamalar\u0131 alan\u0131nda sahip oldu\u011fumuz tecr\u00fcbe ve uzmanl\u0131\u011f\u0131m\u0131zla, g\u00fcvenilir bir Yetkilendirilmi\u015f G\u00fcmr\u00fck M\u00fc\u015faviri olarak her zaman yan\u0131n\u0131zday\u0131z<\/h2>\n\n\n\n<p class=\"has-x-large-font-size\">0232 421 40 27 &#8211; info@dalyanygm.com<\/p>\n\n\n\n<div style=\"height:0px\" aria-hidden=\"true\" class=\"wp-block-spacer wp-container-content-36c51660\"><\/div>\n<\/div>\n<\/div>\n\n\n\n<div class=\"wp-block-column is-layout-flow wp-block-column-is-layout-flow\" style=\"flex-basis:12vw\">\n<blockquote class=\"wp-block-quote is-layout-flow wp-block-quote-is-layout-flow\">\n<p>YGM Raporuna m\u0131 ihtiyac\u0131n\u0131z var? <\/p>\n<\/blockquote>\n<\/div>\n\n\n\n<div class=\"wp-block-column is-layout-flow wp-block-column-is-layout-flow\">\n<div class=\"wp-block-group is-content-justification-right is-nowrap is-layout-flex wp-container-core-group-is-layout-17124a9a wp-block-group-is-layout-flex\">\n<p class=\"has-text-align-left\" style=\"line-height:0.6;text-transform:uppercase;writing-mode:vertical-rl\">Dalyan YGM<\/p>\n<\/div>\n<\/div>\n<\/div>\n\n\n\n<div class=\"wp-block-columns alignfull is-style-section-2 is-layout-flex wp-container-core-columns-is-layout-d9884270 wp-block-columns-is-layout-flex\" style=\"padding-top:0;padding-bottom:0\">\n<div class=\"wp-block-column is-layout-flow wp-block-column-is-layout-flow\" style=\"flex-basis:50%\">\n<div class=\"wp-block-group is-vertical is-content-justification-stretch is-layout-flex wp-container-core-group-is-layout-098fff0a wp-block-group-is-layout-flex\" style=\"min-height:33vh;padding-top:var(--wp--preset--spacing--50);padding-right:var(--wp--preset--spacing--50);padding-bottom:var(--wp--preset--spacing--50);padding-left:var(--wp--preset--spacing--50)\">\n<p><strong>Antrepo<\/strong> <strong>YGM \u0130\u015flemlerimiz<\/strong><\/p>\n\n\n\n<p class=\"has-accent-3-color has-text-color has-link-color wp-elements-f59eb5e931522e95bff1b6838565b491\"><em>Antrepoya E\u015fya giri\u015f &#8211; \u00e7\u0131k\u0131\u015f (AN6-AN8), Stok say\u0131m(AN7), Elle\u00e7leme(AN9) Tespitleri i\u00e7in \u00f6zel yaz\u0131l\u0131mlar geli\u015ftirdik. Hem g\u00fcvenilir ve h\u0131zl\u0131 sonu\u00e7 al\u0131yoruz, hem antrepo i\u015fleticisinin Ek- 83 Antrepo Kay\u0131t Defteri i\u00e7in ihtiya\u00e7 duydu\u011fu verileri sa\u011fl\u0131yoruz.<\/em><\/p>\n\n\n\n<p>Ayr\u0131ca;<\/p>\n\n\n\n<ul class=\"wp-block-list\">\n<li>Onaylanm\u0131\u015f Ki\u015fi Stat\u00fc Belgesi(OKSB) dosyalar\u0131<\/li>\n\n\n\n<li>Di\u011fer Kurumlar\u0131n istedi\u011fi (DK1) Raporlar\u0131<\/li>\n\n\n\n<li>G\u00fcmr\u00fck \u0130\u015flemleriyle s\u00fcre uzat\u0131m\u0131 ve <\/li>\n\n\n\n<li>Di\u011fer konularda istenilen her t\u00fcrl\u00fc YGM raporlar\u0131<\/li>\n<\/ul>\n\n\n\n<p>i\u00e7in bizi aray\u0131p, teklif alabilirsiniz.<\/p>\n\n\n\n<div style=\"height:0px\" aria-hidden=\"true\" class=\"wp-block-spacer wp-container-content-6388d5dc\"><\/div>\n\n\n\n<h2 class=\"wp-block-heading has-xx-large-font-size\">Dalyan YGM<\/h2>\n<\/div>\n<\/div>\n\n\n\n<div class=\"wp-block-column is-layout-flow wp-block-column-is-layout-flow\" style=\"flex-basis:50%\">\n<div class=\"wp-block-cover is-light\"><span aria-hidden=\"true\" class=\"wp-block-cover__background has-background-dim-0 has-background-dim\" style=\"background-color:#8c8583\"><\/span><img loading=\"lazy\" decoding=\"async\" width=\"2560\" height=\"1653\" class=\"wp-block-cover__image-background wp-image-27\" alt=\"dalyanYGM\" src=\"http:\/\/www.dalyanygm.com\/wp-content\/uploads\/2024\/11\/Ofis_Ana-Sayfa-scaled.jpg\" data-object-fit=\"cover\" srcset=\"https:\/\/www.dalyanygm.com\/wp-content\/uploads\/2024\/11\/Ofis_Ana-Sayfa-scaled.jpg 2560w, https:\/\/www.dalyanygm.com\/wp-content\/uploads\/2024\/11\/Ofis_Ana-Sayfa-300x194.jpg 300w, https:\/\/www.dalyanygm.com\/wp-content\/uploads\/2024\/11\/Ofis_Ana-Sayfa-1024x661.jpg 1024w, https:\/\/www.dalyanygm.com\/wp-content\/uploads\/2024\/11\/Ofis_Ana-Sayfa-768x496.jpg 768w, https:\/\/www.dalyanygm.com\/wp-content\/uploads\/2024\/11\/Ofis_Ana-Sayfa-1536x992.jpg 1536w, https:\/\/www.dalyanygm.com\/wp-content\/uploads\/2024\/11\/Ofis_Ana-Sayfa-2048x1323.jpg 2048w\" sizes=\"auto, (max-width: 2560px) 100vw, 2560px\" \/><div class=\"wp-block-cover__inner-container is-layout-flow wp-block-cover-is-layout-flow\">\n<div style=\"height:var(--wp--preset--spacing--20)\" aria-hidden=\"true\" class=\"wp-block-spacer\"><\/div>\n<\/div><\/div>\n<\/div>\n<\/div>\n<\/div>\n\n\n\n<p><\/p>\n","protected":false},"excerpt":{"rendered":"<p>G\u00fcmr\u00fck mevzuat\u0131 Yetkilendirilmi\u015f G\u00fcmr\u00fck M\u00fc\u015favirli\u011fi uygulamalar\u0131 alan\u0131nda sahip oldu\u011fumuz tecr\u00fcbe ve uzmanl\u0131\u011f\u0131m\u0131zla, g\u00fcvenilir bir Yetkilendirilmi\u015f G\u00fcmr\u00fck M\u00fc\u015faviri olarak her zaman [&hellip;]<\/p>\n","protected":false},"author":1,"featured_media":0,"parent":0,"menu_order":0,"comment_status":"open","ping_status":"closed","template":"","meta":{"site-sidebar-layout":"default","site-content-layout":"","ast-site-content-layout":"","site-content-style":"default","site-sidebar-style":"default","ast-global-header-display":"","ast-banner-title-visibility":"","ast-main-header-display":"","ast-hfb-above-header-display":"","ast-hfb-below-header-display":"","ast-hfb-mobile-header-display":"","site-post-title":"","ast-breadcrumbs-content":"","ast-featured-img":"","footer-sml-layout":"","theme-transparent-header-meta":"","adv-header-id-meta":"","stick-header-meta":"","header-above-stick-meta":"","header-main-stick-meta":"","header-below-stick-meta":"","astra-migrate-meta-layouts":"default","ast-page-background-enabled":"default","ast-page-background-meta":{"desktop":{"background-color":"var(--ast-global-color-4)","background-image":"","background-repeat":"repeat","background-position":"center center","background-size":"auto","background-attachment":"scroll","background-type":"","background-media":"","overlay-type":"","overlay-color":"","overlay-opacity":"","overlay-gradient":""},"tablet":{"background-color":"","background-image":"","background-repeat":"repeat","background-position":"center center","background-size":"auto","background-attachment":"scroll","background-type":"","background-media":"","overlay-type":"","overlay-color":"","overlay-opacity":"","overlay-gradient":""},"mobile":{"background-color":"","background-image":"","background-repeat":"repeat","background-position":"center center","background-size":"auto","background-attachment":"scroll","background-type":"","background-media":"","overlay-type":"","overlay-color":"","overlay-opacity":"","overlay-gradient":""}},"ast-content-background-meta":{"desktop":{"background-color":"var(--ast-global-color-5)","background-image":"","background-repeat":"repeat","background-position":"center center","background-size":"auto","background-attachment":"scroll","background-type":"","background-media":"","overlay-type":"","overlay-color":"","overlay-opacity":"","overlay-gradient":""},"tablet":{"background-color":"var(--ast-global-color-5)","background-image":"","background-repeat":"repeat","background-position":"center center","background-size":"auto","background-attachment":"scroll","background-type":"","background-media":"","overlay-type":"","overlay-color":"","overlay-opacity":"","overlay-gradient":""},"mobile":{"background-color":"var(--ast-global-color-5)","background-image":"","background-repeat":"repeat","background-position":"center center","background-size":"auto","background-attachment":"scroll","background-type":"","background-media":"","overlay-type":"","overlay-color":"","overlay-opacity":"","overlay-gradient":""}},"footnotes":""},"class_list":["post-16","page","type-page","status-publish","hentry"],"_links":{"self":[{"href":"https:\/\/www.dalyanygm.com\/index.php\/wp-json\/wp\/v2\/pages\/16","targetHints":{"allow":["GET"]}}],"collection":[{"href":"https:\/\/www.dalyanygm.com\/index.php\/wp-json\/wp\/v2\/pages"}],"about":[{"href":"https:\/\/www.dalyanygm.com\/index.php\/wp-json\/wp\/v2\/types\/page"}],"author":[{"embeddable":true,"href":"https:\/\/www.dalyanygm.com\/index.php\/wp-json\/wp\/v2\/users\/1"}],"replies":[{"embeddable":true,"href":"https:\/\/www.dalyanygm.com\/index.php\/wp-json\/wp\/v2\/comments?post=16"}],"version-history":[{"count":11,"href":"https:\/\/www.dalyanygm.com\/index.php\/wp-json\/wp\/v2\/pages\/16\/revisions"}],"predecessor-version":[{"id":76,"href":"https:\/\/www.dalyanygm.com\/index.php\/wp-json\/wp\/v2\/pages\/16\/revisions\/76"}],"wp:attachment":[{"href":"https:\/\/www.dalyanygm.com\/index.php\/wp-json\/wp\/v2\/media?parent=16"}],"curies":[{"name":"wp","href":"https:\/\/api.w.org\/{rel}","templated":true}]}}